 divided by 505?
12
What is the remainder when 5502577 is divided by 5502559?
18
What is the remainder when 15759742 is divided by 9?
4
Calculate the remainder when 2376021 is divided by 475180.
121
Calculate the remainder when 25082921 is divided by 10382.
9
What is the remainder when 2073249 is divided by 63?
45
Calculate the remainder when 54429155 is divided by 124.
99
Calculate the remainder when 3545952 is divided by 134.
44
What is the remainder when 756397 is divided by 891?
829
Calculate the remainder when 5565790 is divided by 451.
450
What is the remainder when 15859 is divided by 1000?
859
What is the remainder when 16783476 is divided by 152577?
6
What is the remainder when 9911268 is divided by 1624?
1620
Calculate the remainder when 241224 is divided by 7774.
230
What is the remainder when 1501073 is divided by 62?
53
Calculate the remainder when 5318255 is divided by 875.
5
Calculate the remainder when 23570307 is divided by 5892538.
155
Calculate the remainder when 6969416 is divided by 2593.
2025
What is the remainder when 1253304 is divided by 6207?
5697
What is the remainder when 747148 is divided by 186785?
8
Calculate the remainder when 400004 is divided by 639.
629
What is the remainder when 2764879 is divided by 634?
5
What is the remainder when 196468 is divided by 1292?
84
Calculate the remainder when 161287 is divided by 30.
7
What is the remainder when 216293 is divided by 26978?
469
What is the remainder when 1679981 is divided by 5598?
581
What is the remainder when 20473 is divided by 9678?
1117
Calculate the remainder when 934282 is divided by 2268.
2134
What is the remainder when 143721 is divided by 20040?
3441
Calculate the remainder when 6778002 is divided by 102.
0
What is the remainder when 8400093 is divided by 1680016?
13
Calculate the remainder when 288629 is divided by 6.
5
Calculate the remainder when 3564598 is divided by 2539.
2381
What is the remainder when 8910198 is divided by 2825?
148
What is the remainder when 1683775858 is divided by 1735?
1733
What is the remainder when 1138370 is divided by 27?
23
What is the remainder when 193215 is divided by 32189?
81
Calculate the remainder when 1916654 is divided by 13.
12
What is the remainder when 143562897 is divided by 786?
783
Calculate the remainder when 57749 is divided by 11183.
1834
Calculate the remainder when 1296784 is divided by 356.
232
What is the remainder when 6008833 is divided by 500724?
145
Calculate the remainder when 340940 is divided by 1776.
1724
What is the remainder when 884160 is divided by 55260?
0
Calculate the remainder when 198502 is divided by 1257.
1153
Calculate the remainder when 40731195 is divided by 186.
171
Calculate the remainder when 120698 is divided by 23.
17
What is the remainder when 28313596 is divided by 3145952?
28
What is the remainder when 1678731 is divided by 37?
4
What is the remainder when 20716 is divided by 16738?
3978
Calculate the remainder when 4816357 is divided by 69.
19
Calculate the remainder when 9852382 is divided by 69875.
7
What is the remainder when 1132099 is divided by 1064?
3
What is the remainder when 1605505 is divided by 5372?
4649
What is the remainder when 1881137 is divided by 13146?
1259
Calculate the remainder when 341177321 is divided by 170588656.
9
Calculate the remainder when 81999836 is divided by 6240.
6236
Calculate the remainder when 1179773 is divided by 3745.
98
Calculate the remainder when 115177 is divided by 114944.
233
Calculate the remainder when 20440 is divided by 15.
10
What is the remainder when 127693 is divided by 1381?
641
Calculate the remainder when 2520864 is divided by 14.
10
What is the remainder when 1404864 is divided by 1276?
1264
Calculate the remainder when 1519426 is divided by 772.
130
Calculate the remainder when 10719 is divided by 285.
174
Calculate the remainder when 200888 is divided by 50111.
444
What is the remainder when 2820959 is divided by 137?
129
What is the remainder when 150208 is divided by 14?
2
Calculate the remainder when 95790801 is divided by 12.
9
Calculate the remainder when 351695 is divided by 613.
446
Calculate the remainder when 3463512 is divided by 40.
32
Calculate the remainder when 194573 is divided by 4622.
449
Calculate the remainder when 226079731 is divided by 123676.
3
Calculate the remainder when 583426 is divided by 4702.
378
What is the remainder when 597931 is divided by 119579?
36
What is the remainder when 446608 is divided by 111651?
4
What is the remainder when 220833 is divided by 3719?
1412
What is the remainder when 2547789 is divided by 352?
13
Calculate the remainder when 61770 is divided by 34.
26
What is the remainder when 1843075 is divided by 1936?
3
Calculate the remainder when 3118914 is divided by 346544.
18
Calculate the remainder when 12669 is divided by 874.
433
What is the remainder when 335959 is divided by 47962?
225
What is the remainder when 5759456 is divided by 1899?
1688
What is the remainder when 249272 is divided by 215?
87
What is the remainder when 3770251 is divided by 1766?
1607
What is the remainder when 1755787 is divided by 534?
529
What is the remainder when 26148185 is divided by 3114?
3041
Calculate the remainder when 334982 is divided by 23869.
816
What is the remainder when 128737 is divided by 41685?
3682
What is the remainder when 14925842 is divided by 347?
331
Calculate the remainder when 139733 is divided by 22.
11
Calculate the remainder when 368724 is divided by 381.
297
What is the remainder when 1307228 is divided by 17?
13
Calculate the remainder when 4631366 is divided by 619.
8
What is the remainder when 189447 is divided by 21047?
24
Calculate the remainder when 382500 is divided by 21187.
1134
What is the remainder when 13730535 is divided by 1022?
987
What is the remainder when 54758359 is divided by 136?
135
Calculate the remainder when 6127158 is divided by 12109.
4
Calculate the remainder when 21831157 is divided by 21830939.
218
What is the remainder when 4511752 is divided by 229?
223
Calculate the remainder when 633777 is divided by 1509.
1506
Calculate the remainder when 332494 is divided by 32.
14
What is the remainder when 10414678 is divided by 2547?
2542
Calculate the remainder when 171055 is divided by 220.
115
What is the remainder when 8723625 is divided by 1246232?
1
Calculate the remainder when 1874720 is divided by 50668.
4
Calculate the remainder when 372864696 is divided by 89.
86
What is the remainder when 2551151 is divided by 364417?
232
Calculate the remainder when 58588565 is divided by 417.
65
What is the remainder when 2088980 is divided by 264?
212
Calculate the remainder when 205812 is divided by 365.
317
What is the remainder when 1902817 is divided by 45?
37
What is the remainder when 225652 is divided by 45091?
197
What is the remainder when 275514 is divided by 386?
296
Calculate the remainder when 144481 is divided by 43.
1
Calculate the remainder when 2436177 is divided by 24.
9
Calculate the remainder when 1049399 is divided by 3180.
3179
Calculate the remainder when 3357 is divided by 1439.
479
Calculate the remainder when 12121532 is divided by 100.
32
What is the remainder when 180783 is divided by 58489?
5316
Calculate the remainder when 31707 is divided by 31420.
287
What is the remainder when 144146 is divided by 7584?
50
Calculate the remainder when 10620880 is divided by 708057.
25
What is the remainder when 51992231 is divided by 471?
425
What is the remainder when 16449225 is divided by 21?
9
What is the remainder when 3563888 is divided by 12?
8
What is the remainder when 2302266 is divided by 130?
96
Calculate the remainder when 1002279 is divided by 538.
523
Calculate the remainder when 17895371 is divided by 1303.
1272
What is the remainder when 9165614 is divided by 3366?
3362
What is the remainder when 44599639 is divided by 284?
279
What is the remainder when 35161916 is divided by 87?
83
Calculate the remainder when 195678909 is divided by 572.
569
Calculate the remainder when 37494 is divided by 113.
91
What is the remainder when 2596310 is divided by 176?
134
Calculate the remainder when 6623143 is divided by 669.
43
What is the remainder when 7199242 is divided by 234?
232
Calculate the 